rmine s(17).
2
Let f = 46 - 25. Let g be 66/f - 7/49. Let l(h) = -h**2 + 4*h - 1. What is l(g)?
2
Let b = 423 - 419. Let f(u) = 2*u - 1. What is f(b)?
7
Suppose -1 - 23 = -6*c. Suppose -8*t + 12 = -c. Let r(v) = v + 0*v**2 - 4*v**2 + 3*v**2. Give r(t).
-2
Suppose -116*n + 118*n = 10. Let a(r) = -8*r + 4. Calculate a(n).
-36
Let r(h) = 9*h**3 - h**2 + 3*h + 6. Let o(s) = -7*s**3 - 2*s - 5. Let u(g) = -4*o(g) - 3*r(g). Calculate u(-4).
-10
Let k(f) be the second derivative of -f**5/20 + f**4/4 + 2*f**3/3 - f**2 + 122*f - 1. Suppose 0 = 2*z - 7*z + 30. Suppose s - z*s + 15 = 0. Give k(s).
10
Let o be (16/(-4))/(-4 + 2). Let v(g) = 3 - 14*g - 19*g + 224*g**o - 211*g**2. Let s(u) = 3*u**2 - 8*u + 1. Let h(b) = -9*s(b) + 2*v(b). Determine h(6).
-3
Let q(f) be the third derivative of -f**5/60 - 5*f**4/24 + f**3/3 + 2*f**2. Let d = 27 - 42. Let g be (-2)/6 - (-70)/d. Calculate q(g).
2
Let h(y) = -3*y + 10. Suppose -x = -5*x + 36. Give h(x).
-17
Let x(d) = 2*d**2 - d + 1. Let w = 52 - 51. Suppose -m + 1 = -w. What is x(m)?
7
Let m(a) = -5*a**3 + 4*a**2 + 10*a - 2. Let q(c) = 4*c**3 - 4*c**2 - 8*c + 4. Let n(d) = -3*m(d) - 4*q(d). Give n(3).
5
Let b(c) = -3*c - 31. Suppose -6*k = 3*d - 5*k + 17, 2*d - 5*k + 34 = 0. What is b(d)?
-10
Let a(i) = -2*i - 26. Let o(n) = n**2 + 19*n + 77. Let k be o(-10). Calculate a(k).
0
Let p(o) = o**2 - 2*o - 7. Let l(f) = 3*f**2 - 9*f + 5. Let q be l(3). Let m(z) = -9*z + q*z - 15 - 23*z**2 + 24*z**2. Let k(t) = -6*m(t) + 13*p(t). Give k(-1).
8
Let p(d) = 47*d - 4. Let m(l) = 131*l - 12. Let s(x) = 4*m(x) - 11*p(x). What is s(4)?
24
Let p(z) = z**3 - 7*z**2 + 5*z - 3. Suppose -88*a + 61*a + 162 = 0. Calculate p(a).
-9
Let l be -3*(-16)/(-4) - 4. Let z be l/(-6)*(-51)/(-34). Suppose -5*y - 8 - z = -o, -3*o - 4 = 5*y. Let k(m) = m**2 + 4*m + 3. Give k(y).
-1
Let z(s) be the first derivative of -s + s**3 + 0*s**2 + 1/4*s**4 - 17. Determine z(-2).
3
Let j be 1/((-1)/(-55)*5). Let b = j - 17. Let i(n) = -n**3 - 5*n**2 + 6*n + 2. Calculate i(b).
2
Let t(o) = -4*o**2 + 4*o**2 - 2*o**2 + o**2 - 1 - o. Let l(w) = -w**2 - 25*w - 116. Let z be l(-19). Calculate t(z).
-3
Suppose 4*x = 5*x - 2*r - 8, -4*r - 8 = 2*x. Suppose 2*n + x*n + 4*h + 40 = 0, h = -4*n - 28. Let f be 4*(-3)/18*n. Let c(s) = -s**2 + 5*s - 1. Calculate c(f).
3
Let n(f) = -f + 3. Let g be n(9). Let i be (1/(-1))/1*g. Let p(k) be the second derivative of -k**4/12 + 5*k**3/6 + 4*k**2 + k. Give p(i).
2
Let m(q) = q**3 - q**2 - 20*q + 4. Let n be m(-4). Let a(x) = x - 4. Calculate a(n).
0
Suppose -2 = r - 1. Let g(b) be the third derivative of 0*b + 0*b**4 + 3/40*b**6 - 2 - 6*b**2 - 1/30*b**5 + 1/6*b**3. What is g(r)?
-10
Suppose 9*p + 24 = 13*p. Suppose -p*v - 1 = 23. Let z(h) = 5*h + 5. What is z(v)?
-15
Suppose -5 + 15 = 5*i. Let g(n) = n**2 + i*n + 1 + n**2 + 0*n**2 - n**2. Give g(-3).
4
Let l(j) = -j + 4632 + 0*j - 4630 + j**3 - 7*j**2. Calculate l(7).
-5
Suppose 2*j - 37 = -57. Let g(m) = 5*m + 9. Let l(b) = -b + 1. Let f(v) = g(v) + 4*l(v). Calculate f(j).
3
Let t(r) = -15*r - 8*r + 21*r + 9. What is t(11)?
-13
Let g(k) = -k**3 + k**2 + 4. Let z = -209 + 209. What is g(z)?
4
Let h(p) = -p**3 + p**2 + 3*p + 1. Let v(s) = -s**3 - 4*s**2 + 3*s - 1. Let q be v(-5). Let m be 3*(39/q - 3). Let z = -6 + m. Determine h(z).
7
Let v(b) be the third derivative of -b**6/120 + 17*b**5/60 - 5*b**4/8 - 13*b**3/6 + 6*b**2 + 25. Determine v(16).
3
Let g(x) = 2*x. Let k(o) = -3*o + 1. Let c(q) = -6*g(q) - 5*k(q). Let s(n) = n**2 + 26*n + 28. Let r be s(-25). Let w be (84/(-18) + r)*-3. Give c(w).
10
Let o(u) = 2*u - 3. Suppose -5*j - 4*z + 10 = z, -j - 4*z = -2. Let s(v) = v**2. Let f be s(j). What is o(f)?
5
Let b(q) be the second derivative of -q**4/12 + 5*q**3/6 - 7*q**2/2 + 102*q. Determine b(4).
-3
Let z(m) be the first derivative of -m**3/3 + 4*m**2 - m - 170. Calculate z(7).
6
Let n(f) = f**2 + 10*f - 3. Let o be n(-10). Let b(a) = -a - 3 - 1 + 0 + 5. Let i(t) = -4*t + 6. Let w(p) = 2*b(p) - i(p). What is w(o)?
-10
Let l(h) be the third derivative of h**5/60 + 5*h**4/12 + 7*h**3/6 - h**2 - 26. Calculate l(-9).
-2
Let n(c) = -c**2 + 4*c + 1. Let z(d) = -d**3 + 11*d**2 + 21. Let y be z(11). Suppose -2*h + y = h. Let u = 10 - h. Give n(u).
4
Let q(x) = -10*x + 74. Let n(g) = -4*g + 30. Let j = 15 + -3. Let f(l) = j*n(l) - 5*q(l). Calculate f(7).
4
Let s(y) be the first derivative of y**6/120 + y**5/20 - y**4/8 - 5*y**3/6 + 19*y**2/2 + 14. Let r(x) be the second derivative of s(x). What is r(-4)?
-9
Suppose -35 - 21 = -2*v. Let p(j) = 0 + v*j**2 - 7*j + 1 - 29*j**2 + 3. Determine p(-6).
10
Suppose -5*n - 3*p - 1 - 7 = 0, -5*n - 2*p = 7. Let u = n + 2. Let r(g) be the second derivative of g**3/6 + g**2/2 + 915*g. What is r(u)?
2
Let b(v) = -2*v**2 + v + 2. Let p = -7 - 6. Let k = p - -6. Let n = 5 + k. Determine b(n).
-8
Suppose 2*i + 56 = 52. Let z(q) = -2*q**2 - 2*q + 1. Determine z(i).
-3
Let n(p) = p + 1. Suppose -3*k = 4*b - 18, 0 = -2*b - 7*k + 3*k + 4. Determine n(b).
7
Let r(g) = -2*g**2 + 4*g - 2. Let s(j) = 4*j**2 + 2*j. Let n be s(-2). Suppose n = 11*w - 8*w. Give r(w).
-18
Let y(i) = -i - 8. Let r be y(0). Let l(j) = j**2 + 9*j + 12. Give l(r).
4
Suppose -2*g - 22 = -2*x, -12 = -333*x + 329*x - 4*g. Let i(v) = -v**2 + 6*v - 5. Calculate i(x).
-12
Let j(k) = -13*k - 16. Let s(d) = 3*d + 1. Let c(h) = j(h) + 5*s(h). Calculate c(5).
-1
Let r(q) = q + 2 - 3 + 2. Let w(u) = -u**2 - 4*u. Let z(y) = 2*r(y) - w(y). What is z(-5)?
-3
Let q(k) be the first derivative of 15 - 2/3*k**3 - 1/4*k**4 - 2*k + 1/2*k**2. What is q(-3)?
4
Let p(l) = -2*l**3 + 17*l**2 + 9*l - 6. Let w(x) = -8*x**3 - x. Let g be w(-1). Calculate p(g).
-6
Let j(n) = 15*n + 62. Let d(a) = -85*a - 370. Let k(z) = 6*d(z) + 35*j(z). Determine k(4).
10
Let w(q) be the third derivative of -q**8/6720 + q**7/504 - q**6/720 - q**5/20 - 5*q**4/12 - 7*q**2. Let n(a) be the second derivative of w(a). What is n(5)?
-11
Let g(p) = -86*p**2 + 2 - 92*p**2 + 179*p**2. Calculate g(2).
6
Suppose 0 = -2*t + 2 + 2. Let h(s) = s - t*s + 0*s - s + 11. Determine h(8).
-5
Let m(t) = 4*t**2 - 2*t - 2. Let d(s) = -s**2 - 16*s + 135. Let q be d(-22). What is m(q)?
28
Let z be 4/(-10) + 108/45. Let h(k) = 0*k**2 - k**z - 5 + 5*k + 3*k. Suppose -g + 8 = 2*q - 4, 0 = -g. Determine h(q).
7
Let h(p) = -p**3 + 5*p**2 + 3*p - 3. Suppose -k = 2*r + 5 - 13, -3*k = 0. Calculate h(r).
25
Let s(i) be the second derivative of -5*i**3/6 + 2*i**2 - 69*i. Determine s(4).
-16
Let g(s) = -2*s**2 - 3*s + 6. Suppose -4*l = -5*f + 10, 0*f + 18 = -4*l + f. Give g(l).
-29
Let k(f) be the third derivative of f**4/6 + 13*f**3/6 - 375*f**2. Give k(-5).
-7
Let l(r) = r**3 + 14*r**2 - r - 13. Suppose 14 = 26*m + 378. Determine l(m).
1
Let s(j) = -7*j + 109. Let w be s(16). Let d(b) = -5*b**2 - 2*b - 4. Calculate d(w).
-43
Let b(y) be the third derivative of -y**5/60 - 5*y**4/24 + 10*y**3/3 - 22*y**2. Let m be b(-8). Let v(t) = -t**3 - 5*t**2 - 2*t + 1. Calculate v(m).
-7
Let d(c) = -c - 2. Let z be d(-6). Let o(h) = 2*h**2 - h**2 + z + 2*h + 0*h**2 + 2*h. Give o(-4).
4
Suppose -2*b + 12 = 2*r, 5*r = 23*b - 18*b. Let q(n) = 2*n + 0*n - 4 + 0*n. Give q(b).
2
Let c(p) = 2*p**3 - 2*p**2 - 2. Let o = 411 + -267. Let d be o/10 + 10/(-25). Let s = -12 + d. Determine c(s).
6
Let r(j) be the first derivative of -j**4/4 - 3*j**3 + 11*j**2/2 - 5*j - 191. What is r(-10)?
-15
Let b(r) be the first derivative of -r**2/2 - 11*r - 1. Let h be 20/(-110) - 4072/(-11). Let w be (-2)/(-7) - h/70. Calculate b(w).
-6
Let t(i) = -9*i**2 + 7*i - 35. Let b(r) = r**2 - r + 5. Let p(v) = 14*b(v) + 2*t(v). Suppose 0 = -m + f + 1, 0 = 4*m + f + 3 + 3. Determine p(m).
-4
Let z(a) = -5*a - 111. Let y be z(-21). Let o(f) = 2*f + 12. Give o(y).
0
Let h(g) = -g**2 - g - 7. Suppose 35*a = 22*a + 39. Let p be 0/((-12)/(-9) - (-2)/a). What is h(p)?
-7
Suppose -786 = -3*u + 9*u. Let d = 137 + u. Let o(g) = g - 8. Let b(z) = z - 7. Let m(c) = 5*b(c) - 4*o(c). Give m(d).
3
Let q(i) = 9*i - 2*i**2 - 12 - 17 + 30 - 13*i. Let h = 5 + -8. Give q(h).
-5
Let x(k) = k**3 - 9*k**2 + k - 7. Let n be 58 + -50 - (1 - 2). Calculate x(n).
2
Let m(v) = -v + 27. Let s = 491 + -491. Determine m(s).
27
Let x(o) be the third derivative of -7*o**2 + 0 + 5/24*o**4 - 1/120*o**6 + 1/15*o**5 - 2/3*o**3 + 0*o. What i